 - 5*n - 3. Let k be t(-3). Let d(u) = 199*u - 203*u - 2*u**2 + u**2. Let o(c) = k*y(c) - d(c). Determine o(3).
-9
Let o(f) be the second derivative of -f**8/3360 + f**6/720 + f**5/120 - f**4/12 - 3*f. Let s(n) be the third derivative of o(n). Let r = 30 - 31. What is s(r)?
2
Suppose f + 0*f = 0. Let i(t) = t**2 - 1. Let b(m) = m**2 - m - 12. Let q(s) = s**2 + 4*s + 2. Let d be q(-3). Let y(g) = d*b(g) + 2*i(g). Determine y(f).
10
Let a(i) = 45*i**2 + 9*i - 7. Let x(c) = -22*c**2 - 5*c + 4. Let b(r) = 4*a(r) + 7*x(r). Give b(-1).
25
Let z = 5 + -3. Let v be (4 - (z - 0)) + 0. Let i(a) be the third derivative of -a**6/60 + a**5/20 - a**4/12 - a**3/6 + 247*a**2 - 1. Determine i(v).
-9
Suppose -f = 3*f + 44. Let b = -6 - f. Let n(j) = 4*j**3 - 6*j**2 + 3*j. Let q(g) = 7*g**3 - 12*g**2 + 7*g. Let r(i) = 5*n(i) - 3*q(i). Give r(b).
-5
Let u(d) be the second derivative of d**4/6 - 11*d**3/6 - d**2 + 78*d - 3. Give u(9).
61
Let s(y) = -y - 3. Let l = 4 + -9. Let r be s(l). Suppose b = r*b. Let h(p) = p**3 + p**2 - 1. What is h(b)?
-1
Let s = -1 + 3. Let z(h) = -2*h + 1 - h - s + 2*h. Suppose -29 = -4*l + 5*v, -7*v = -4*l - 11*v + 20. What is z(l)?
-7
Let s(y) = -7*y + 152. Let t be s(23). Let q(h) = h**3 + 9*h**2 - 2*h - 7. Calculate q(t).
11
Suppose 13*s - 10*s = 6. Let g(c) = 78*c**s - 82*c**2 + c - c. Let w(n) = -n - 1. Let a be w(-2). Determine g(a).
-4
Suppose -5*m + m = 8. Let x(t) = 5*t. Let i(r) = 6*r - 1. Let n(k) = 2*i(k) - 3*x(k). Give n(m).
4
Suppose -4*m = -2*r, 4*m - 4 = r - 0. Let k(c) = 0 - 4*c + 0*c**2 + 4 - 3*c**2 + r*c**2. Let o(y) = -y**3 - 4*y**2 - y - 1. Let h be o(-4). What is k(h)?
1
Let q(f) = -3*f**2 - 2*f + 2. Let d = 1 + 0. Let x be q(d). Let s(g) = g**2 + 3*g. What is s(x)?
0
Let u(p) = 5*p**3 + 8*p**2 + 7*p - 2. Let s(c) = 17*c**3 + 25*c**2 + 24*c - 7. Let h(g) = -2*s(g) + 7*u(g). Suppose -5*l - 16 - 14 = 0. Calculate h(l).
-6
Let f(l) = l**2 + 7*l + 8. Let c(o) = 2*o**2 - 11*o - 13. Let k be c(6). Calculate f(k).
8
Let f(t) be the second derivative of 2*t**3/3 - 17*t**2 - 40*t. Let q(w) = w - 9. Let x(b) = 2*f(b) - 9*q(b). Determine x(6).
7
Let a(i) = 2*i - 9. Let k be (5*2)/(-11 - -13). Let b be a(k). Let j(h) = 3 + 0*h + b + 7*h + h**2. Determine j(-6).
-2
Let o(b) = -2*b**2 + 7*b - 11. Let j = 2543 - 2538. Determine o(j).
-26
Let y = -41 - -53. Suppose 0 = 4*s - 3*v - 9, 7*v = 3*s + 3*v - y. Let w(o) = -o**3 + o**2 + o. What is w(s)?
0
Let d(g) = -5*g**3 + 31*g - 10 - 30*g + 6*g**3 - 12*g**2. Determine d(12).
2
Let j(n) = -n**2 - 5*n - 6. Suppose -l - 24 + 19 = 0. Determine j(l).
-6
Let g(w) be the second derivative of w**5/20 - w**4/2 + 2*w**3/3 + 3*w**2/2 + 2*w. Let v be 4/(-3 - (-52)/12). Let q be (8/12)/(v/18). Calculate g(q).
-13
Let a(s) = s**3 + 2*s**2 - 4*s - 7. Suppose 446*n = 455*n + 45. Determine a(n).
-62
Suppose -2*f - 4 + 14 = 0. Suppose -3*i + 3*h + 4 = 5*h, -2*i + 10 = f*h. Suppose i = 4*l - 16 - 8. Let g(d) = d**3 - 7*d**2 + 5*d. Give g(l).
-6
Let s = 50 + -11. Let m = -39 + s. Let k(v) = -v + 10. Calculate k(m).
10
Let o(s) = 2*s - 5. Suppose 22 = p - 4*v, -5*v - 49 = -5*p - 14. Let z be (-4)/4 - -16 - p. Let q = z - 9. What is o(q)?
3
Let z(w) = 8*w - 2. Let k be z(1). Let b(g) = 2 - k*g + 2*g**2 + 5*g + 4*g**2 + 1 + g**3. Give b(-6).
9
Let z(y) = 2*y**2 + 25*y + 37. Let f = 1029 + -1040. Determine z(f).
4
Let d = -8 - -3. Let j(x) = -7*x**3 - x**2 - 6*x + 3. Let u(a) = -16*a**3 - 13*a + 6. Let m(k) = 7*j(k) - 3*u(k). Calculate m(d).
-32
Let a(x) = 3*x + 4. Let j(p) = 3*p**2 - 2*p - 3. Let o(s) = 3*a(s) + 4*j(s). Give o(-1).
11
Let z(j) = -4*j - 3. Suppose 3*u = 5*p + 21, 0 = -0*p - 4*p - 3*u - 6. Calculate z(p).
9
Let o(z) be the second derivative of 1/6*z**3 + 0 + 17*z + 0*z**2. Determine o(5).
5
Let u(v) = -v**3 - 3*v**2 + 4*v + 1. Let i = 9 + -42. Let c = 29 + i. Calculate u(c).
1
Suppose -8 = -2*k - 0. Let z(p) = 7*p - 32. Let s(n) = 12*n - 54. Let c(l) = 4*s(l) - 7*z(l). What is c(k)?
4
Let b = 1075 + -1077. Let p(u) be the first derivative of -u**3/3 + u - 1. Give p(b).
-3
Let o(y) be the third derivative of 0*y + 0*y**3 - 1/12*y**4 - 5*y**2 + 0. Suppose 2*z = 7*z - 20. Determine o(z).
-8
Let j(h) = -6 + 7 - 5*h - 5*h + 1. Let a(z) = -19*z + 4. Let t(d) = 6*a(d) - 11*j(d). Determine t(3).
-10
Let n(d) = -2*d**3 + d**2 + 2*d - 1. Let j = -233 - -235. Let h(z) = -2*z - 1. Let g(m) = 6*m + 2. Let o(b) = 3*g(b) + 8*h(b). Let u be o(j). Determine n(u).
-9
Let d be 3/4*(87 + -6 + 3). Let j be 2 + (1 - 0)/((-9)/d). Let q(t) = t**3 + 5*t**2 + t - 4. Give q(j).
-9
Let c = 0 + 1. Let j(m) = m**2 - 7*m - 8. Let r(a) = 3*a + 4. Let h(z) = -3*j(z) - 7*r(z). Let q(f) = -f**2 - 1. Let d(i) = -h(i) + 4*q(i). Determine d(c).
-1
Let x(r) = -2*r. Let o(s) = s + 12. Let q be o(-14). Let m be -3 - 4 - 1*q. Determine x(m).
10
Let k(q) = -5*q - 2. Let h be k(-1). Let g(x) = h + x**2 + 0*x**2 + 6*x + 5*x - 8*x. What is g(-3)?
3
Let z = 9 - 3. Let b be (-3)/(-2) - (-7)/14. Let q(y) = -4*y**b + z*y - 2*y + 4*y**2 - y**2. Determine q(5).
-5
Let w(s) = 6*s**2 - 20*s**2 + 15*s**2 - 2 + s. Determine w(1).
0
Suppose 3*l - a = -6*a + 63, 5*l = -4*a + 105. Let c(s) = s**2 - 61 + 19 + 23 + l. Calculate c(0).
2
Let l be (-7)/(-4) + 1/4. Let c(y) = 9*y - 2. Let i(f) = f - 10. Let j be i(-3). Let p(g) = 19*g - 4. Let b(n) = j*c(n) + 6*p(n). Give b(l).
-4
Let b(o) = o. Let v(k) be the first derivative of 3*k**2/2 - k + 4. Let x(s) = 5*b(s) - v(s). Give x(3).
7
Suppose 7*p - 3*p = 0. Let w(i) = -7*i + 7. Let t(c) = 3*c. Let k(z) = -2*t(z) - w(z). Calculate k(p).
-7
Let c(d) = d**2 + d - 11. Suppose -17*s = 34*s + 255. Calculate c(s).
9
Let f(p) be the third derivative of -p**6/360 - p**4/24 - 3*p**3 + 4*p**2. Let h(d) be the first derivative of f(d). Give h(-1).
-2
Suppose 24 = 5*h - 4*r, 12*r + 32 = 5*h + 10*r. Let b(v) = -v**2 + 11*v - 5. What is b(h)?
19
Let b(u) = 4 + u + 5 + 0 - 2. Let d be b(-12). Let y(a) = 0*a + 0*a - 2*a - a**2 - 5 - 3*a. Determine y(d).
-5
Let y(t) = t - 17. Let k(m) = -3*m**3 - 2*m**2 - 9*m - 20. Let n be k(-2). Determine y(n).
-3
Let q = -8 + 11. Let f(h) = -2*h - 4 + 0 - h**q - 3*h**2 + 2*h. Let b be (-32)/(-8)*6/(-8). Calculate f(b).
-4
Let c(h) = h**2 - 4*h - 8. Let k(y) = 4*y - 6. Let u be (-5)/(-2)*(-4)/(-5). Let v = u + 1. Let i be k(v). Give c(i).
4
Let y(x) = -5*x + 7 - 6*x + 18*x - x - 3*x. Let n(l) = -2*l - 1. Let a be n(2). Determine y(a).
-8
Let d be 48/(-6) - -5 - 4. Let m(r) = -4*r - 10. What is m(d)?
18
Suppose 6*x - 10*x = -36. Let c(h) = -h + x + 0*h - 7 + 3. Let o = 2 + 3. Calculate c(o).
0
Let t(z) = z**3 + 7*z**2 + 8*z + 6. Suppose 0 = -k - 2*k - 12. Let m = k - -7. Suppose -2*h = 9 + m. What is t(h)?
-6
Let n = -10 + 12. Suppose 0 = b + b - 2*s - 12, n = 3*b + s. Let x(v) = -v - 3*v**2 - 2*v**2 + 4*v**b - 1. Give x(2).
-7
Let f(l) = -4*l**3 - 2 + 2*l + 0*l**2 + 3*l**3 + 3*l**2. Let k = -11873 + 11871. Calculate f(k).
14
Let a(y) = y**2 + 10*y + 6. Let d = 250 + -257. Determine a(d).
-15
Suppose -2*d - d - 5*c + 15 = 0, 4*d + 2*c - 6 = 0. Suppose d = p + 4*p. Let f(a) = -4 + 3 - 12*a + 2*a + 9*a. Give f(p).
-1
Let d(y) = 9*y - 8. Let w be d(-5). Let z = w - -52. Let g(m) = 19*m + 1 - 19*m - 9*m**2 - 3*m**2. Give g(z).
-11
Let m(b) be the second derivative of -2*b**2 + 1/3*b**3 + 1/6*b**4 - 5*b + 0. Give m(-3).
8
Let i = 295 - 310. Let n(h) = -2*h**2 - 30*h - 2. Determine n(i).
-2
Let a(v) = v**3 + v**2 + v - 1. Let h = 32 + -17. Let u be 2/8 + 98/(-8) + -5. Let w = h + u. Determine a(w).
-7
Let b(f) be the third derivative of f**6/120 + f**5/12 + f**4/24 + f**2. Let l be 64/(-14) - (-194)/(-679) - 1/7. Give b(l).
-5
Suppose o + 3 - 4 = -4*u, -5*o + 5 = 2*u. Let v(g) = 2*g + 4. Give v(u).
4
Let l(x) = -x**3 + 5*x**2 + x + 3. Let u(s) = -6*s**3 + 25*s**2 + 5*s + 16. Let r(h) = -11*l(h) + 2*u(h). Calculate r(-2).
-11
Suppose 9*k - 21 = -3. Let h(u) = -4*u + 8 - 8 - u**k + 5*u. Calculate h(-3).
-12
Let b(t) = -3*t**3 + 20*t**2 + 4*t - 1. Let o(j) = -j**3 + 4*j**2 + 2*j + 1. Let p(l) = b(l) - 4*o(l). Determine p(-4).
11
Let w(q) = -q**3 + 2*q**2 + 5*q - 2. Let s = 2393 + -2389. What is w(s)?
-14
Suppose -2*f = -4*f - 66. Let h = f - -55. Let a(j) = -5*j**2 + j**3 + h*j**2 - 12*j**2. Give a(-5).
0
Let o(u) = -u**3 + 9*u**2 + 10*u - 3. Suppose 2*c - 30 + 7 = 3*h, 2*h = 5*c - 52. Dete